et j(c) = 6*c**3 + 28*c**2 - 35*c - 135. What is j(-5)?
-10
Let i(o) = -o**3 - 752*o**2 - 7423*o - 2223. What is i(-742)?
3
Let y(n) = n**3 - 14*n**2 - 226*n - 99. Give y(-9).
72
Let d(a) = -37*a**2 - 326*a + 6946. What is d(10)?
-14
Let q(u) = -u**2 + 152152*u - 1065010. Determine q(7).
5
Let m(d) = -1227*d**2 + 71256*d - 5214. Determine m(58).
6
Let g(x) = -8*x**2 - 6539*x + 4. Give g(0).
4
Let q(x) = -3*x**3 - 1558*x**2 - 762*x - 126121. Calculate q(-519).
-4
Let x(g) = -63*g + 3170. Determine x(67).
-1051
Let u(y) = -114*y - 1221. Calculate u(-21).
1173
Let t(m) = 8*m**2 + 2642*m - 21130. Give t(8).
518
Let j(r) = -28*r**2 + 362*r - 878. What is j(4)?
122
Let u(k) = -k**3 - 35*k**2 + 28190*k + 1066910. What is u(-38)?
22
Let z(p) = 607*p - 7774. Calculate z(13).
117
Let s(f) = f**3 - 23*f**2 - 580*f + 4. Calculate s(-14).
872
Let u(v) = v**3 - 21*v**2 - 238*v + 228. Determine u(29).
54
Let u(z) = -6388*z - 7786977. Give u(-1219).
-5
Let m(r) = -47*r**2 + 7520*r. Determine m(160).
0
Let g(z) = 4*z**3 + 2267*z**2 + 1734*z + 20381. Calculate g(-566).
5
Let f(j) = 24*j**2 - 26*j - 416. Determine f(-10).
2244
Let u(m) = -4535*m - 72569. What is u(-16)?
-9
Let q(n) = -n**2 + 45*n - 315. What is q(40)?
-115
Let t(x) = -5766*x - 219081. Determine t(-38).
27
Let s(i) = -82*i + 2409. Give s(-57).
7083
Let p(d) = -107*d - 672. Calculate p(-3).
-351
Let a(s) = 145*s + 13334. Calculate a(-92).
-6
Let o(w) = -57*w**3 - 2*w**2 - 8*w. Determine o(-2).
464
Let f(o) = -o**3 - 30*o**2 + 1015*o + 694. Give f(-50).
-56
Let a(z) = -2*z**2 + 71*z + 1169. Determine a(-13).
-92
Let u(q) = -39*q**2 - 445*q + 265. Determine u(-12).
-11
Let f(p) = -425*p**2 + 35*p - 2. Determine f(-1).
-462
Let r(m) = -m**2 + 5422*m + 168964. Calculate r(-31).
-79
Let l(d) = -19*d**3 - 458*d**2 + 422*d - 14. Give l(-25).
61
Let d(k) = 476*k - 111369. Give d(244).
4775
Let i(t) = -1975*t - 466086. Calculate i(-236).
14
Let k(t) = t**2 - 22222*t + 244309. Determine k(11).
-12
Let n(v) = 79740*v - 8213225. What is n(103)?
-5
Let f(l) = -14810*l - 295559. Calculate f(-20).
641
Let t(n) = -83*n**3 + 50*n**2 - 23*n + 23. Determine t(1).
-33
Let m(j) = j**3 - 110*j**2 + 852*j + 6. Determine m(9).
-507
Let y(n) = -335*n**2 - 3888*n + 7772. Calculate y(2).
-1344
Let f(u) = 104942*u - 2518642. What is f(24)?
-34
Let c(w) = 4*w**3 + 696*w**2 + 19*w + 3003. Calculate c(-174).
-303
Let d(p) = 18*p**3 + 64*p**2 + 8*p + 11. What is d(-4)?
-149
Let t(i) = -1538*i + 13857. Calculate t(9).
15
Let g(m) = -3*m**2 - 336*m - 2936. What is g(-9)?
-155
Let m(c) = 2808*c**3 + 8*c**2 + 36*c + 36. Calculate m(-1).
-2800
Let r(l) = -373*l - 16442. What is r(-38)?
-2268
Let m(n) = 11342*n - 56327. Give m(5).
383
Let m(k) = -366*k + 18652. Determine m(51).
-14
Let q(a) = -10639*a - 10351. What is q(-1)?
288
Let i(h) = -141*h**2 - 19*h - 2. Calculate i(2).
-604
Let w(c) = -3*c**2 - 16*c + 3683. Give w(34).
-329
Let j(f) = -58*f**3 + 9*f**2 - 63*f + 203. Calculate j(4).
-3617
Let m(r) = -1341*r - 54996. What is m(-44)?
4008
Let r(n) = 247*n**2 - 83212*n - 9103. What is r(337)?
-4
Let h(k) = 8*k**2 - 569*k + 1047. Give h(75).
3372
Let o(t) = 56*t**2 + 48081*t - 144233. Calculate o(3).
514
Let z(h) = -h**2 + 111*h + 495. Give z(121).
-715
Let t(p) = p**3 + 46*p**2 + 436*p - 123. Determine t(-33).
-354
Let h(a) = -3*a**3 + 13*a**2 + 1049*a - 15. What is h(0)?
-15
Let v(a) = -a**3 - 162*a**2 + 20322*a + 1094. What is v(83)?
15
Let n(r) = r**2 - 5632*r - 573208. Give n(-100).
-8
Let y(r) = 97671*r + 14162295. Give y(-145).
0
Let m(w) = 10*w - 1297. Give m(-21).
-1507
Let q(t) = -t**3 + 254*t**2 - 7846*t + 31. Give q(36).
103
Let c(m) = -2*m**2 - 364*m - 9397. Give c(-31).
-35
Let n(h) = h**3 + 72*h**2 - 219*h + 109. Give n(-75).
-341
Let p(u) = 52*u + 1531. Give p(-28).
75
Let c(v) = -5*v**3 + 18*v**2 + 132*v + 3. Calculate c(-6).
939
Let a(b) = -8*b**3 + 497*b**2 - 82*b + 228. Determine a(62).
-1012
Let m(a) = -22417*a - 2869392. Determine m(-128).
-16
Let k(v) = -104*v**2 + 2470*v - 1793. Calculate k(23).
1
Let b(l) = l**3 - 361*l**2 + 645*l + 26210. What is b(359)?
3
Let z(c) = -10*c**3 - 7*c**2 - 50*c - 43. Calculate z(-1).
10
Let h(i) = -175*i**2 + 535*i + 545. Determine h(-1).
-165
Let h(u) = -2*u**3 + 96*u**2 - 1161*u - 81. Calculate h(25).
-356
Let z(x) = 2*x**2 + 5757*x - 607966. Give z(102).
56
Let a(d) = -84*d - 597. Give a(0).
-597
Let y(m) = m**3 - 24*m**2 - 51*m - 11. Give y(24).
-1235
Let h(y) = y**3 + 13*y**2 - 42*y + 119. What is h(-15)?
299
Let g(i) = 22488*i + 44740. What is g(-2)?
-236
Let v(t) = 221*t**3 - t**2 + t + 10. Calculate v(-2).
-1764
Let q(v) = -44*v**2 + 916*v + 5485. What is q(-6)?
-1595
Let b(c) = 705*c**2 - 28*c - 2. Calculate b(-1).
731
Let k(u) = -4*u**2 + 5431*u - 10864. Calculate k(2).
-18
Let k(v) = -v**3 + 30*v**2 + 44*v - 3118. Calculate k(12).
2
Let a(y) = -y**3 - 52*y**2 - 738*y - 2107. Give a(-19).
2
Let h(l) = l**2 + 5*l - 1676. Calculate h(38).
-42
Let q(g) = -4*g**2 + 140*g - 271. What is q(31)?
225
Let b(u) = 3241*u - 764906. What is b(236)?
-30
Let t(r) = 55*r**2 - 401*r - 1202. Give t(-3).
496
Let c(k) = 3*k**2 - 30662*k + 428672. Determine c(14).
-8
Let l(v) = -v**2 + 38*v + 38. Calculate l(-18).
-970
Let i(l) = l**3 - 25*l**2 - 5*l + 685. Give i(22).
-877
Let i(m) = -7546*m - 90553. Calculate i(-12).
-1
Let p(o) = -4*o**3 - 145*o**2 - 135*o - 3494. Calculate p(-36).
70
Let s(u) = -u**2 + 43*u + 11697. Give s(130).
387
Let x(n) = 309*n**3 - 11743*n**2 + 39*n + 7. Give x(38).
45
Let b(p) = -25578*p + 665011. What is b(26)?
-17
Let x(r) = -939*r - 86357. Determine x(-92).
31
Let t(x) = -6829*x - 484883. Calculate t(-71).
-24
Let s(y) = -14592*y + 1269520. Determine s(87).
16
Let p(j) = -5099*j - 29927. Calculate p(-6).
667
Let m(f) = -49*f**3 + 1203*f**2 + 542*f + 185. Determine m(25).
-15
Let u(d) = -d**3 + 77*d**2 + 4995*d + 385. Give u(119).
28
Let n(l) = l**3 + 105*l**2 + 692*l + 796. What is n(-98)?
208
Let j(w) = -2*w**3 + 309*w**2 - 232*w + 12017. Give j(154).
5
Let c(l) = 706*l - 6727. Calculate c(9).
-373
Let x(j) = 492*j + 497. Give x(-2).
-487
Let h(q) = -q**3 - 26*q**2 - 181*q - 156. Calculate h(-13).
0
Let t(z) = z**2 + 286*z - 11223. Calculate t(35).
12
Let o(m) = -3*m**2 + 159*m + 3265. Determine o(-19).
-839
Let n(t) = 7*t**3 - 75*t**2 - 59*t + 291. What is n(10)?
-799
Let f(b) = 16*b**2 + 51*b - 202. Give f(0).
-202
Let u(o) = -107*o + 3019. Give u(24).
451
Let p(k) = k**3 - 2*k**2 + 2201*k - 8833. What is p(4)?
3
Let y(p) = -p**3 - 19*p**2 - 102*p + 300. Calculate y(-15).
930
Let h(r) = -r**3 + 3*r**2 - 414*r - 2476. What is h(-6)?
332
Let p(y) = 855*y + 152430. Give p(-178).
240
Let d(s) = -2*s**3 - 192*s**2 - 4700*s - 5469. Give d(-44).
-13
Let n(m) = -m**3 - 791*m**2 + 11276*m - 46. What is n(14)?
38
Let s(u) = 45*u**2 - 2259*u + 2658. Calculate s(49).
12
Let b(h) = 2*h**2 - 747*h + 62127. Give b(125).
2
Let p(c) = -22*c**3 - 11*c**2 - 12*c + 31. What is p(1)?
-14
Let y(n) = -2*n**2 - 346*n - 4941. Determine y(-16).
83
Let s(n) = 1484*n - 125192. Calculate s(85).
948
Let o(m) = -15*m**2 - 81*m + 50. What is o(-6)?
-4
Let w(p) = -p**2 + 992*p + 35954. Determine w(-35).
9
Let s(j) = 2*j**2 - 175*j + 2152. What is s(15)?
-23
Let f(b) = b**2 - 212*b - 6523. Calculate f(-24).
-859
Let s(b) = -35*b**3 - 13*b**2 - 162*b - 374. Determine s(-3).
940
Let j(f) = -1905*f + 21495. Determine j(11).
540
Let i(q) = -3487*q + 777730. Determine i(223).
129
Let x(t) = -20*t**3 - 3802*t**2 + 3439*t + 136. What is x(-191)?
-55
Let r(o) = -o**3 + 16*o**2 + 274*o - 3544. Determine r(14).
684
Let t(q) = -q**3 + 79*q**2 - 1351*q + 174. What is t(54)?
120
Let g(d) = -8*d**2 + 1953*d - 2087. Give g(243).
100
Let c(t) = -2*t**2 - 1081*t - 48995. Determine c(-50).
55
Let k(d) = -4*d**2 - 364*d - 1436. Calculate k(-87).
-44
Let h(q) = 17*q**2 + 879*q - 276. Determine h(-53).
890
Let j(d) = -1089*d + 145239. Calculate j(133).
402
Let z(d) = 2*d**3 - 142*d**2 - 342*d + 14286. Give z(72).
30
Let t(u) = 279*u + 122038. Determine t(-437).
115
Let g(d) = 1243*d**2 + 24856*d - 2. Calculate g(-20).
78
Let p(k) = -7*k**2 + 1936*k + 11676. Calculate p(-6).
-192
Let j(v) = 4*v**3 + 1041*v**2 + 249*v - 3157. What is j(-260)?
-297
Let h(o) = -9*o**3 + 26*o**2 + 814*o + 789. Determine h(-